{"id":1,"date":"2016-01-17T20:21:18","date_gmt":"2016-01-17T20:21:18","guid":{"rendered":"http:\/\/marylinebellec.wordpress.com\/?page_id=1"},"modified":"2020-07-20T16:52:00","modified_gmt":"2020-07-20T14:52:00","slug":"a-propos","status":"publish","type":"page","link":"https:\/\/marylinebellec.fr\/?page_id=1","title":{"rendered":"Qui suis-je ?"},"content":{"rendered":"<p style=\"text-align: left;\">Je m&rsquo;appelle Maryline, j&rsquo;habite \u00e0 Nantes et je suis illustratrice pendant mon temps libre.<\/p>\n<p style=\"text-align: left;\">Cet espace sur le net me permet d&rsquo;\u00e9changer, de pr\u00e9senter mes gribouillages, mes enfantillages, et ce qui me sert de d\u00e9fouloir.<\/p>\n<p style=\"text-align: left;\">Bonne visite&#8230;<\/p>\n<p style=\"text-align: left;\">Maryline<\/p>\n<p><img loading=\"lazy\" class=\"alignnone  wp-image-85 aligncenter\" src=\"https:\/\/marylinebellec.files.wordpress.com\/2016\/01\/minicard_mary2_recto.jpg\" alt=\"minicard_template_us\" width=\"436\" height=\"189\" srcset=\"https:\/\/marylinebellec.fr\/wp-content\/uploads\/2016\/01\/minicard_mary2_recto.jpg 875w, https:\/\/marylinebellec.fr\/wp-content\/uploads\/2016\/01\/minicard_mary2_recto-600x260.jpg 600w, https:\/\/marylinebellec.fr\/wp-content\/uploads\/2016\/01\/minicard_mary2_recto-300x130.jpg 300w, https:\/\/marylinebellec.fr\/wp-content\/uploads\/2016\/01\/minicard_mary2_recto-768x333.jpg 768w\" sizes=\"(max-width: 436px) 100vw, 436px\" \/><\/p>\n","protected":false},"excerpt":{"rendered":"<p>Je m&rsquo;appelle Maryline, j&rsquo;habite \u00e0 Nantes et je suis illustratrice pendant mon temps libre. Cet espace sur le net me permet d&rsquo;\u00e9changer, de pr\u00e9senter mes gribouillages, mes enfantillages, et ce qui me sert de d\u00e9fouloir. Bonne visite&#8230; Maryline<\/p>\n","protected":false},"author":1,"featured_media":0,"parent":0,"menu_order":0,"comment_status":"open","ping_status":"open","template":"","meta":[],"_links":{"self":[{"href":"https:\/\/marylinebellec.fr\/index.php?rest_route=\/wp\/v2\/pages\/1"}],"collection":[{"href":"https:\/\/marylinebellec.fr\/index.php?rest_route=\/wp\/v2\/pages"}],"about":[{"href":"https:\/\/marylinebellec.fr\/index.php?rest_route=\/wp\/v2\/types\/page"}],"author":[{"embeddable":true,"href":"https:\/\/marylinebellec.fr\/index.php?rest_route=\/wp\/v2\/users\/1"}],"replies":[{"embeddable":true,"href":"https:\/\/marylinebellec.fr\/index.php?rest_route=%2Fwp%2Fv2%2Fcomments&post=1"}],"version-history":[{"count":5,"href":"https:\/\/marylinebellec.fr\/index.php?rest_route=\/wp\/v2\/pages\/1\/revisions"}],"predecessor-version":[{"id":1206,"href":"https:\/\/marylinebellec.fr\/index.php?rest_route=\/wp\/v2\/pages\/1\/revisions\/1206"}],"wp:attachment":[{"href":"https:\/\/marylinebellec.fr\/index.php?rest_route=%2Fwp%2Fv2%2Fmedia&parent=1"}],"curies":[{"name":"wp","href":"https:\/\/api.w.org\/{rel}","templated":true}]}}